Let a(s) = s - 11. Let i be a(6). Let g(m) be the second derivative of m**5/20 + m**4/3 - m**3/2 + 5*m**2/2 + 20*m - 10. What is g(i)?
-5
Let r(b) be the second derivative of 1/20*b**5 + 4*b + 1/3*b**3 - b**2 + 0 - 1/3*b**4. Determine r(3).
-5
Let d(n) = -2*n - 5. Let q be d(-5). Let c = 3 - 3. Let p(s) = c - s + 8 + 0. What is p(q)?
3
Let m = -7 - -13. Suppose 9 = -5*n - m. Let t(l) be the first derivative of l**3 + 3*l**2/2 - 4*l + 2681. What is t(n)?
14
Let r(a) = -4*a. Let t = -48 - -22. Let s = t - -28. Calculate r(s).
-8
Let p be (-12)/22 + 1152/176. Let a(d) = -d**2 + 4*d + 13. Give a(p).
1
Let o(g) = -g**3 + 3*g**2 - g - 2. Let v be (-1)/(3*2/(-54)). Let k = -6 - -9. Suppose k*a + 3 = v. Calculate o(a).
0
Let g(h) = h**2 - 665 + 2*h + 6*h + 656 - 10*h. Calculate g(-3).
6
Let d be 0*((-4)/56)/(132/(-28) - -5). Let x(w) be the first derivative of -w**3/3 - 15*w + 1. Give x(d).
-15
Let r(u) = 29*u - 180. Let q be r(6). Suppose -3*m - 36 = 5*k - 11, 5*k = m - 5. Let w be (q/k)/(6/10). Let x(o) = -o - 2. What is x(w)?
-7
Let v(n) = n**2 + 5*n + 3. Suppose -3*w - 6 + 18 = 0. Suppose 5*k = p + 1, 4*k - 4 = w*p - 0. Let m be k*(-1)/(-3) - 6. Calculate v(m).
9
Let d(q) = -7*q**3 + 15*q**2 + 6*q + 5. Let z(s) = -s**3 + 3*s**2 + s + 1. Let g(p) = d(p) - 5*z(p). Let r = -5 - -3. Determine g(r).
14
Let n(t) = t**3 - 9*t**2 - 9*t - 7. Let q(j) = j**3 + 5*j**2 + 3*j - 4. Let u be q(-3). Let x be (-1)/((-1)/u*(-4)/(-8)). Calculate n(x).
3
Suppose 2*d - 10 = -3*u, -4*d + 10 = 2*u - 2. Suppose -3*s + d = -10. Suppose -8*t = -s*t - 12. Let h(q) = q - 2. Calculate h(t).
1
Suppose -15*f - 114 - 66 = 0. Let p(b) = -b**3 - 11*b**2 + 12*b - 12. Give p(f).
-12
Suppose -11*a = -3*a - 16. Suppose 8 = -4*x + a*x. Let s(j) = 4*j + 3. What is s(x)?
-13
Let j(k) = 2*k - 8. Suppose -2*g + 8 = 0, 8*g = p + 9*g - 11. Determine j(p).
6
Suppose 4 = -f - 2*v - 3, 2*f + v = -2. Suppose j + 3*p + 7 = 0, 5*j + p = 7*j - 7. Let m(z) = 6*z - z**j - 4*z - 8*z + z - f. Calculate m(-5).
-1
Suppose 2*x = -2*j - 22, 5*j - 8 = -2*x + 9*j. Let v(r) = r**2 + 8*r + 6. Determine v(x).
-6
Let h(x) = -200*x - 199*x + 411*x. Suppose 2 = -w + 3. What is h(w)?
12
Let y(q) = -3 + 3 + 13 - 2 - 2*q. Give y(5).
1
Let l(t) be the first derivative of 1/2*t**2 + 3 + 2*t. Let f(o) = -o**2 + 5*o + 4. Let b be f(5). Calculate l(b).
6
Let u(c) = c**3 - 14*c**2 + 3. Let g be u(14). Let f be (g + 3/1)/1. Let i(x) = x - 6. Determine i(f).
0
Let l(d) be the third derivative of 0 + 1/15*d**5 + d**3 + 1/120*d**6 - 12*d**2 + 0*d - 1/8*d**4. Suppose 23 = -5*m - 4*f + 2, -2*m - 5*f = 5. Calculate l(m).
-4
Let d(t) = -4*t - 5. Suppose 2*x + 4*k - k = -18, 0 = 5*x - 2*k + 26. Determine d(x).
19
Let p(h) = 7*h**2 + 10*h - 4*h**2 - 10 + 14 - 4*h**2 + 12. Let t(c) = -c**3 + 3*c**2 + 5*c - 4. Let a be t(3). What is p(a)?
5
Let y = 1 + 0. Let l(i) = i**2 - 6*i + 4. Calculate l(y).
-1
Let k(f) be the first derivative of 1/12*f**4 - 1 + 0*f + 3/2*f**2 - 1/6*f**3. Let u(h) be the second derivative of k(h). What is u(4)?
7
Let z(d) = -d**2. Let v(s) = -2*s - 7. Let n be v(-3). Let h(i) = i**3 + 10*i**2 - i + 7. Let t(b) = n*h(b) - 6*z(b). What is t(-5)?
13
Let d = -56 - -39. Let x(y) = -y - 20. Give x(d).
-3
Let a(s) = -s**3 - 5*s**2 - 5*s + 3. Let o(r) = -r**2 - 6*r + 12. Let g be o(-8). What is a(g)?
7
Let k(p) be the second derivative of p**5/20 - p**4 + 4*p**3/3 + 2*p**2 - 907*p. What is k(11)?
-29
Let b(z) be the first derivative of -3*z**2/2 + 5*z - 104. Suppose -3 = 2*w - 11. Determine b(w).
-7
Let l(j) = j - 7. Let k be (2/(-5))/(0 + (-5)/(-1500)). Let y = k - -120. What is l(y)?
-7
Let d(c) = -c - 9. Let x(i) = -8*i + 72. Let t be x(9). Give d(t).
-9
Let s(x) be the first derivative of x**4/4 - 4*x**3/3 + 5*x**2/2 - 240. Give s(4).
20
Let i = -3 + -6. Let a(o) be the first derivative of o**2/2 + 9*o + 1238. Give a(i).
0
Let j = 14 - 14. Suppose j = 4*q + q. Let h(c) = -c**2 - 7. Give h(q).
-7
Let u(y) = -1 + 0*y + 2*y**2 + 0*y. Suppose -3*h + 4*g - 57 = 19, 3*h + 68 = -4*g. Let f be h/8 - (1 - (-6)/(-1)). What is u(f)?
7
Let r(l) = 2*l**2 - 7*l + 14. Let w be r(2). Let u(s) = -s**2 + 7*s + 8. Determine u(w).
0
Let d(o) be the second derivative of o**5/10 + o**4/12 + o**3/3 + 7*o**2/2 + 197*o. Determine d(0).
7
Let j(i) = -i**2 + 5*i + 10. Let x = -64 - -68. Let g be 10 - (3 - 0/x). Give j(g).
-4
Let d(a) = -2*a**2 + 6*a - 23. Let o(f) = f**2 - 4*f + 12. Let g(p) = 6*d(p) + 11*o(p). What is g(-9)?
-15
Let h(n) = n**3 + 5*n**2 + 4*n + 4. Let s = 8 - 12. Let p be h(s). Let q(u) be the first derivative of u**4/4 - u**3 - 3*u**2 + 6*u + 2. Determine q(p).
-2
Let v(i) = 2*i - 6. Let f be 0/14*2/4. Suppose f = 8*s + 13 - 61. What is v(s)?
6
Let x(y) = -5*y**2 + 8 + 9*y**2 + 3*y**3 - 2*y - 12. What is x(-3)?
-43
Let c(u) = 41*u**2 - 2*u + 4. Let a(i) = -116*i**2 + 5*i - 11. Let r(j) = -6*a(j) - 17*c(j). Give r(4).
-2
Let p(s) be the first derivative of 4*s**2 + 3*s + 497. Give p(2).
19
Suppose 0 = 4*v - b - 2, -2*b - 4 = -5*v. Let i(h) = 22*h - h**2 - 16*h - 6*h + 11. What is i(v)?
11
Let u(o) = 57*o**2 + o + 1. Let i be u(-1). Suppose 3*s - 1 = -z, -2*s + 28*z - 11 = 31*z. Let h(q) = q + 3 + 4*q + 58*q**s - i*q**2. Calculate h(-3).
-3
Let f(h) = -5*h**2 - h + 1. Let i = 39 + -35. Suppose -3 + 7 = i*m. Calculate f(m).
-5
Let x(s) = s**2 + 3*s - 7. Let q be (-1 + -2)/(-7 + 6). Let m be (2/q)/(2/6). Suppose -m*u + 15 = -5*u. What is x(u)?
3
Let i(o) = o**3 - 5*o**2 + o + 6. Suppose 0 = -2*y - 3*y + 115. Suppose 4*l - 6 = -2*v, 2*v - 2*l + y = 7*v. Calculate i(v).
11
Let f(a) = -6*a**2 + 1. Suppose -p + 5*w = -28, 2*p - 13 + 2 = w. Suppose -o = p*q + 7, 2*q - 1 = -7. Suppose -4*i + 6 = o. What is f(i)?
-5
Let t(o) = 4*o + 3*o - 4*o - 2*o. Let m(p) = 2*p. Let s(c) = 3*m(c) - 7*t(c). Suppose u = -4, -4*w + 3*u = u + 12. What is s(w)?
5
Let j(p) be the second derivative of p**5/20 - p**4/2 - p**3 + 2*p**2 - 15*p. Let o(x) = -x**2 - x. Let k(a) = -j(a) + 2*o(a). Calculate k(5).
-9
Suppose 4*s - 13 = 2*j + j, 4*s = -2*j + 38. Let k(x) be the first derivative of 0*x + 1/2*x**2 + 4/3*x**3 - s. What is k(-1)?
3
Let x(f) = 64*f**2 - 97*f - 87. Let z(b) = -18*b**2 + 32*b + 29. Let o(a) = -2*x(a) - 7*z(a). Give o(-14).
-1
Let d(l) = -3 - 3 - 3 + 2*l. Let k(m) = 2*m. Let j be k(2). Suppose -8 = 5*s - 3, -j*s - 39 = -5*p. Give d(p).
5
Let h(q) = 8*q. Let j be h(-3). Let f = j - -25. Suppose -6*o + f = 13. Let v(w) = w**2 + 1. Calculate v(o).
5
Suppose -a = 5*j - 2*j + 20, -4*a - 35 = 3*j. Let x(k) be the third derivative of -k**6/120 - k**5/10 - k**4/4 - k**3 + k**2. Give x(a).
-1
Let k be (-2)/(-8) - ((-715)/20)/(-11). Let i(d) = -d**3 - 4*d**2 - 4*d - 1. What is i(k)?
2
Let h(b) be the first derivative of b**3 - b**2/2 - 6*b - 6. Let k(c) = -c**2 + 2. Let v(s) = 3*h(s) + 8*k(s). Calculate v(3).
-2
Let o = 398 + -394. Let v(h) be the first derivative of 4*h - 1/4*h**o + 1/2*h**2 + 0*h**3 - 6. Determine v(0).
4
Let y = 9 - 6. Let n(l) = -6 + 3*l - l**y + 13 + 10*l**2 - 13 - 5*l**2. Determine n(6).
-24
Let v(n) = -n**2 - 10*n + 11. Suppose -4*g + g - 30 = 0. What is v(g)?
11
Let z be (-4)/14 + -3 + 185/35. Suppose u - 5*m = -10, z = u - 3*m + 4*m. Let p(k) = k**3 + k + 1. Determine p(u).
1
Let j(g) = g**3 - 4*g**2 + 6. Let y(c) = -2*c**3 + 9*c**2 - c - 14. Let l(t) = -5*j(t) - 2*y(t). Calculate l(-2).
10
Let i(z) be the second derivative of -z**4/12 + z**3/2 + 3*z**2/2 + 296*z + 1. Give i(4).
-1
Suppose 5*n = -26 + 1. Let b(x) = 3*x + 18. Let z(j) = j + 3. Let i(g) = b(g) - 2*z(g). Give i(n).
7
Suppose 2*z = -3*z + 10. Let h(b) = -5*b - b**z - b - b. Suppose -10 = 5*g - 3*r, 0 = 3*g - 5*r - 10. What is h(g)?
10
Let n(t) be the first derivative of 10*t - 1/2*t**2 + 14. Calculate n(7).
3
Suppose 3*k = 5*m - 10, -2*k = -49*m + 50*m + 11. Let a(s) = -6*s**2 + s. Give a(m).
-7
Let u(n) be the first derivative of 12 + 4/3*n**3 - 2*n**2 + 1/4*n**4 - 4*n. Determine u(-5).
-9
Let i(d) = -d - 1. Let z(n) = 14*n + 122. Let s be z(-9). Let v(w) = -6*w - 4 - 4*w - 2*w**2 + w. Let f be v(s). Calculate i(f).
-1
Let s(b) = b**3 + 14*b**2 + 13*b + 10. Let f be s(-13). Suppose 7*u - f = 2*u. Let k be (4 - 3)/(u/10). Let p(t) = t**3 - 6*t**2 + 3*t + 6. Give p(k).
-4
Let a be (3/4)/(13/156). Suppose -8*w - 3 = -a*w. Let y(d) = 7 - d**2 - 1 - w*d - 2*d 